ivided by 36?
34
What is the remainder when 150 is divided by 31?
26
Calculate the remainder when 2734 is divided by 57.
55
Calculate the remainder when 204 is divided by 105.
99
What is the remainder when 124 is divided by 22?
14
What is the remainder when 44 is divided by 13?
5
What is the remainder when 241 is divided by 63?
52
Calculate the remainder when 1041 is divided by 173.
3
What is the remainder when 466 is divided by 119?
109
What is the remainder when 206 is divided by 43?
34
Calculate the remainder when 2844 is divided by 260.
244
What is the remainder when 364 is divided by 210?
154
Calculate the remainder when 21742 is divided by 5.
2
What is the remainder when 1562 is divided by 260?
2
Calculate the remainder when 20 is divided by 12.
8
What is the remainder when 11177 is divided by 12?
5
Calculate the remainder when 7251 is divided by 98.
97
What is the remainder when 259 is divided by 24?
19
Calculate the remainder when 862 is divided by 32.
30
Calculate the remainder when 1329 is divided by 121.
119
What is the remainder when 4210 is divided by 16?
2
Calculate the remainder when 66 is divided by 35.
31
Calculate the remainder when 2910 is divided by 182.
180
What is the remainder when 1244 is divided by 1214?
30
What is the remainder when 3581 is divided by 112?
109
What is the remainder when 2404 is divided by 70?
24
Calculate the remainder when 6413 is divided by 102.
89
Calculate the remainder when 41909 is divided by 13.
10
What is the remainder when 1088 is divided by 49?
10
What is the remainder when 2418 is divided by 121?
119
What is the remainder when 529 is divided by 36?
25
Calculate the remainder when 53 is divided by 12.
5
Calculate the remainder when 2253 is divided by 49.
48
Calculate the remainder when 120 is divided by 20.
0
What is the remainder when 1080 is divided by 31?
26
Calculate the remainder when 4403 is divided by 1464.
11
What is the remainder when 16589 is divided by 105?
104
What is the remainder when 393 is divided by 110?
63
What is the remainder when 617 is divided by 209?
199
What is the remainder when 515 is divided by 74?
71
Calculate the remainder when 490 is divided by 38.
34
What is the remainder when 40 is divided by 2?
0
What is the remainder when 404 is divided by 136?
132
What is the remainder when 99 is divided by 62?
37
Calculate the remainder when 7241 is divided by 1204.
17
What is the remainder when 305 is divided by 22?
19
What is the remainder when 159 is divided by 25?
9
What is the remainder when 411 is divided by 6?
3
Calculate the remainder when 8 is divided by 4.
0
Calculate the remainder when 217 is divided by 150.
67
Calculate the remainder when 519 is divided by 31.
23
Calculate the remainder when 246 is divided by 1.
0
What is the remainder when 293 is divided by 50?
43
Calculate the remainder when 856 is divided by 41.
36
What is the remainder when 2799 is divided by 112?
111
What is the remainder when 593 is divided by 34?
15
What is the remainder when 117213 is divided by 396?
393
Calculate the remainder when 437 is divided by 44.
41
What is the remainder when 807 is divided by 57?
9
Calculate the remainder when 371 is divided by 27.
20
What is the remainder when 118 is divided by 44?
30
Calculate the remainder when 2854 is divided by 51.
49
What is the remainder when 1137 is divided by 12?
9
Calculate the remainder when 855 is divided by 133.
57
What is the remainder when 623 is divided by 86?
21
What is the remainder when 443 is divided by 49?
2
Calculate the remainder when 3058 is divided by 90.
88
What is the remainder when 458 is divided by 16?
10
Calculate the remainder when 255 is divided by 18.
3
What is the remainder when 430 is divided by 58?
24
What is the remainder when 170 is divided by 142?
28
Calculate the remainder when 7068 is divided by 177.
165
Calculate the remainder when 284 is divided by 44.
20
What is the remainder when 898 is divided by 36?
34
Calculate the remainder when 77 is divided by 9.
5
What is the remainder when 104 is divided by 20?
4
Calculate the remainder when 638 is divided by 101.
32
Calculate the remainder when 136 is divided by 25.
11
What is the remainder when 503 is divided by 17?
10
Calculate the remainder when 306 is divided by 146.
14
Calculate the remainder when 1061 is divided by 59.
58
What is the remainder when 314 is divided by 33?
17
What is the remainder when 3305 is divided by 6?
5
What is the remainder when 377 is divided by 102?
71
Calculate the remainder when 103 is divided by 35.
33
What is the remainder when 585 is divided by 35?
25
Calculate the remainder when 69 is divided by 24.
21
Calculate the remainder when 621 is divided by 16.
13
Calculate the remainder when 434 is divided by 357.
77
Calculate the remainder when 102 is divided by 18.
12
Calculate the remainder when 1016 is divided by 48.
8
Calculate the remainder when 1749 is divided by 346.
19
What is the remainder when 5435 is divided by 170?
165
What is the remainder when 2987 is divided by 187?
182
What is the remainder when 112 is divided by 6?
4
What is the remainder when 1180 is divided by 79?
74
What is the remainder when 1236 is divided by 513?
210
What is the remainder when 82 is divided by 22?
16
Calculate the remainder when 473 is divided by 120.
113
Calculate the remainder when 256 is divided by 37.
34
Calculate the remainder when 31209 is divided by 17.
14
What is the remainder when 247 is divided by 42?
37
What is the remainder when 157 is divided by 76?
5
Calculate the remainder when 29 is divided by 8.
5
What is the remainder when 9576 is divided by 31?
28
Calculate the remainder when 1244 is divided by 24.
20
What is the remainder when 2378 is divided by 5?
3
What is the remainder when 357 is divided by 133?
91
What is the remainder when 427 is divided by 2?
1
Calculate the remainder when 886 is divided by 12.
10
Calculate the remainder when 124 is divided by 8.
4
What is the remainder when 18248 is divided by 156?
152
What is the remainder when 132 is divided by 73?
59
What is the remainder when 988 is divided by 31?
27
Calculate the remainder when 3641 is divided by 25.
16
What is the remainder when 584 is divided by 42?
38
Calculate the remainder when 1972 is divided by 742.
488
Calculate the remainder when 941 is divided by 19.
10
Calculate the remainder when 188 is divided by 16.
12
What is the remainder when 418 is divided by 7?
5
Calculate the remainder when 2350 is divided by 56.
54
What is the remainder when 3932 is divided by 12?
8
What is the remainder when 179 is divided by 9?
8
What is the remainder when 229 is divided by 41?
24
What is the remainder when 4213 is divided by 43?
42
What is the remainder when 748 is divided by 111?
82
What is the remainder when 508 is divided by 32?
28
Calculate the remainder when 109 is divided by 70.
39
What is the remainder when 1148 is divided by 25?
23
What is the remainder when 4670 is divided by 120?
110
Calculate the remainder when 1465 is divided by 73.
5
Calculate the remainder when 159 is divided by 37.
11
What is the remainder when 502 is divided by 21?
19
What is the remainder when 203 is divided by 5?
3
Calculate the remainder when 2536 is divided by 47.
45
Calculate the remainder when 18058 is divided by 30.
28
Calculate the remainder when 673 is divided by 139.
117
What is the remainder when 107 is divided by 13?
3
Calculate the remainder when 205 is divided by 19.
15
Calculate the remainder when 438 is divided by 20.
18
Calculate the remainder when 489 is divided by 98.
97
Calculate the remainder when 687 is divided by 53.
51
Calculate the remainder when 755 is divided by 14.
13
Calculate the remainder when 196 is divided by 20.
16
What is the remainder when 3804 is divided by 9?
6
What is the remainder when 469 is divided by 102?
61
Calculate the remainder when 938 is divided by 38.
26
Calculate the remainder when 1659 is divided by 6.
3
What is the remainder when 969 is divided by 11?
1
Calculate the remainder when 48 is divided by 8.
0
Calculate the remainder when 164 is divided by 19.
12
What is the remainder when 324 is divided by 106?
6
Calculate the remainder when 143 is divided by 65.
13
Calculate the remainder when 6063 is divided by 22.
13
Calculate the r